 What are the prime factors of i?
3, 7
Suppose 3*f + f - 72 = 0. What are the prime factors of f?
2, 3
List the prime factors of (-7 + 3 - -2) + -1 - -6.
3
Suppose -22 - 83 = -5*f. What are the prime factors of f?
3, 7
Let b(c) = 2*c + 4. Let z be b(-3). Let r = -2 - z. Suppose -p = -3 - r. What are the prime factors of p?
3
Suppose 0 = -7*g - 19 + 75. What are the prime factors of g?
2
Let g(t) = -t**3 + 13*t**2 - 15*t + 4. Let y be g(12). Let c = y - -45. List the prime factors of c.
13
Let r be 2 + -1 - (-2)/2. Let f(n) = 5 - 10*n**r + 4 - 6*n - n**3 + 2*n**2. What are the prime factors of f(-7)?
2
Suppose 0 = -2*w - 5*z + 41, -w + 0*w + 3*z = -26. What are the prime factors of w?
23
Let x(y) = 7*y**2 - 3*y + 9. Let o(c) = 11*c**2 - 5*c + 14. Let m(d) = -5*o(d) + 8*x(d). What are the prime factors of m(-6)?
2
Let q = 66 + -13. List the prime factors of q.
53
Let k be 4/5*(-6 - -1). Let d = -2 - k. What are the prime factors of (-15)/d*(-12)/15?
2, 3
Suppose 3*n + 3 = 4*n. List the prime factors of (-9)/(n + -6 + 2).
3
Suppose 5*n = 2*n. Let r(q) = -q**2 - 8*q - 6. Let k be r(-5). Let m = k + n. What are the prime factors of m?
3
Let l(i) = -12*i + 25. What are the prime factors of l(-8)?
11
Let n(k) = -2*k + 7. Let c(g) = g + 1. Let q be c(-7). List the prime factors of n(q).
19
Let g(h) = -3*h - 1. Let f be g(-6). Suppose -3*v + f = -2*o, 2*o = 5*v - o - 30. Suppose -1 = 4*t - v. List the prime factors of t.
2
Let b be -2*3/(-6) - -43. Suppose -7*c = -3*c - b. List the prime factors of c.
11
Let t(n) = n**3 - 3*n**2 - 5*n + 4. Let f be t(4). Suppose f = -d + w + 1 + 1, 3*d + 3*w - 18 = 0. What are the prime factors of d?
2
Let h(v) = v**3 - v**2 + v - 1. Let b(z) = 5*z**3 - 6. Let w(l) = -b(l) + 4*h(l). Let o be w(-5). Suppose o*k - 2*k = 90. What are the prime factors of k?
2, 3
Suppose -2*u - 20 = 3*h, 5*h = h + 3*u - 55. Let y be (h + -2)*3/(-2). Let t = -8 + y. What are the prime factors of t?
2, 5
Let l be (-1 - 27/(-12))*4. Suppose -l*k = -5*c + 35, k - 5*c = -c - 22. Let j = 5 + k. What are the prime factors of j?
3
List the prime factors of -1 + (0 - 3) - -48.
2, 11
Let v = -45 + 74. Let g = 51 - v. What are the prime factors of g?
2, 11
Let s be 1/(-4) + (-27)/(-12). Let b(v) = 7*v - 2*v**2 - 3 - v**s + 2*v**2. List the prime factors of b(6).
3
Let q(b) = 0*b**2 + 6*b**3 - 6*b**2 - 2 + 2*b**2 - 4*b - 8*b**3. List the prime factors of q(-3).
2, 7
Suppose x = 2*x - 4. Suppose -3*r = -x + 7. Let b = 10 + r. What are the prime factors of b?
3
Let k(v) be the second derivative of v**3/3 + 3*v**2 - v. What are the prime factors of k(6)?
2, 3
Let x = -4 + 7. Suppose 4*i - 36 = -x*c + 7*c, 0 = i + c + 1. List the prime factors of i.
2
Let d = -26 - -16. What are the prime factors of (-1 + d - 2)*-1?
13
Suppose 2*o - 39 = o. What are the prime factors of o?
3, 13
Let q = 92 + 26. List the prime factors of q.
2, 59
Let o = -4 + 8. Let b = o - -2. What are the prime factors of b?
2, 3
Let j(n) = -3*n. Let w be j(5). Let t(f) = f + 25. What are the prime factors of t(w)?
2, 5
Let p(y) = -y**2 - 7*y - 4. Let b be p(-3). Suppose 5*d - 25 = -5*h, 13 = 4*h + 3*d - b. What are the prime factors of 2/h + 70/15?
5
Let w(d) = -d**3 - 3*d**2 + 7*d + 5. Let r(l) = -l**3 - 2*l**2 + 8*l + 4. Let u(g) = -3*r(g) + 4*w(g). What are the prime factors of u(-7)?
29
Suppose -2*y + 5*y = 5*l + 102, -2*l = -y + 35. What are the prime factors of y?
29
Suppose 3*i - 6 = -0*t - 2*t, -5*t + 3*i - 6 = 0. Suppose -k + t = -15. List the prime factors of k.
3, 5
Suppose 5 = 2*t + 3*t, 0 = 2*z - 4*t. Suppose 61 = z*i - y, i - y = 3*y + 34. What are the prime factors of i?
2, 3, 5
Suppose -5*q - 50 = 40. Let u = q - -38. What are the prime factors of u?
2, 5
Suppose -4*v + 3*k - 1 = 2, -v + 5*k - 22 = 0. Suppose -1 = v*j - 10. Suppose a + d - 2 = 0, -j*a = -4*a - 5*d - 14. What are the prime factors of a?
2, 3
Suppose 2*j = b + 7, -4*b - 3*j + 7*j = 24. Let g(t) be the second derivative of -t**3/2 - 7*t**2/2 - t. What are the prime factors of g(b)?
2
Let r = -4 - -12. Suppose -2*x + 3*p + 7 = 0, 2*x - 4*p + 0 - r = 0. Suppose 18 - 6 = x*c. What are the prime factors of c?
2, 3
Suppose -2*m - 3*m + 160 = 0. What are the prime factors of m?
2
Suppose 0 = 5*r - 3*r + 4. Let b be (8/12)/(r/6). What are the prime factors of ((-10)/(-3))/(b/(-6))?
2, 5
Suppose 0*d - 3*d + 21 = 0. List the prime factors of 11 - 1 - (d + -7).
2, 5
Let p be ((-4)/3)/(2/6). Let j = p + 16. List the prime factors of j.
2, 3
Let r = -28 - -52. Suppose 3*u - 5*i + 8 = 0, 3*i + i - r = -2*u. What are the prime factors of u?
2
Let j = 22 - 9. What are the prime factors of j?
13
Let q be 28/(-6)*(-1 - 38). Suppose -q + 479 = 3*f - 4*x, -f = 4*x - 115. Suppose -2*w + p = -43, -4*p + 2*p + f = 5*w. List the prime factors of w.
3, 7
Suppose 5*y - 6 = 9. Suppose -y*v = -7*v + 44. What are the prime factors of v?
11
What are the prime factors of -4 + -74*(-2)/4?
3, 11
Let l(w) = 2*w**2 + 7*w - 2. Let v(o) = -o**2 - 4*o + 1. Let p(q) = 3*l(q) + 5*v(q). Let z be p(-2). List the prime factors of z*2/((-4)/(-18)).
3
Suppose 3*d - o = -4*o + 525, -3*o = 4*d - 704. List the prime factors of d.
179
Let d(x) = x**3 - 2*x**2 + x + 8. Let l(o) = -o**3 + o**2 - 8. Let u(f) = -6*d(f) - 7*l(f). List the prime factors of u(-6).
2
Suppose y + 2*y - 130 = 4*h, 4*h - 220 = -4*y. What are the prime factors of y?
2, 5
Let c(n) = n**2 - 14*n + 7. What are the prime factors of c(15)?
2, 11
Let k = -4 + 2. Let m be (k + 4)/2 + 1. Suppose m*p - 3*p + 4 = 0. What are the prime factors of p?
2
Suppose 0*v - 2*v + 380 = 0. List the prime factors of v.
2, 5, 19
Let i(o) be the third derivative of 7*o**5/30 - o**4/24 - 3*o**2. What are the prime factors of i(1)?
13
Let u(c) = -c**3 - 8*c**2 - 4*c + 19. What are the prime factors of u(-8)?
3, 17
Let l = -85 + 138. What are the prime factors of l?
53
Suppose 2*r + 8 = -o + r, -3*o + 2*r + 1 = 0. List the prime factors of 10 - (-2 - o)*0.
2, 5
List the prime factors of (-1228)/(-5) - 24/(-60).
2, 3, 41
Suppose -5*y - 115 = -2*x, -4*y - 4*x - x - 92 = 0. Let n(i) = -41*i**3 - i + 1. Let k be n(1). Let a = y - k. List the prime factors of a.
2, 3
Let m = 304 - 19. What are the prime factors of m?
3, 5, 19
Let g = 87 - 43. List the prime factors of g.
2, 11
What are the prime factors of (5/(50/28))/(3/435)?
2, 7, 29
Let b(a) = -a**2 - 6*a - 4. Let d be b(-4). Suppose -d - 4 = -2*m. Suppose -4*r + 5*o + 30 = -0*o, -14 = -m*r - 3*o. List the prime factors of r.
5
Suppose u = -2*y + 155, -4*y - 4*u = -0*u - 320. What are the prime factors of y?
3, 5
Let y(r) = r**3 - 2*r**2 - 5*r - 2. Let w = -4 - -8. List the prime factors of y(w).
2, 5
Let q(k) = k**2 + 26*k - 25. What are the prime factors of q(-29)?
2, 31
Suppose -s + 4*s - 2*q - 270 = 0, -s - q = -95. What are the prime factors of s?
2, 23
Let m(g) = -g + 2. Let i be m(-7). What are the prime factors of 2/6 + 114/i?
13
Let w(r) = r**3 + 8*r**2 + 8*r + 9. Let o be w(-7). Suppose o*s = -5 + 25. Suppose 0 = -4*f + s + 6. What are the prime factors of f?
2
Let d(s) = 18*s + 16. What are the prime factors of d(6)?
2, 31
Let z = 36 + -7. Let p = 8 - z. What are the prime factors of 1/2 - p/2?
11
Let x = 7 - 3. What are the prime factors of (-3 - -1 - -6)*x?
2
Let q(m) = m**3 - 2*m**2 + 2*m. Suppose d = -4*s + 22, 2*d - 5*s - 7 = -28. Let b be q(d). Suppose -b*y = -y - 15. List the prime factors of y.
5
List the prime factors of (-240)/12*(-13)/(-2)*-1.
2, 5, 13
Suppose -3*b - 49 = 2*j - 231, -3*j = -2*b + 117. List the prime factors of b.
2, 3, 5
Let m be 2 - 710 - (0 - 0). Let o be (-4)/14 - m/28. Suppose -5*d + 60 = -o. What are the prime factors of d?
17
Let m(v) = 14*v**2 - v**3 + 5 - 8*v**2 + 2*v - 9. List the prime factors of m(6).
2
Let h = -14 - 1. Let u be (-1)/((-3)/9)*h. Let s = 67 + u. What are the prime factors of s?
2, 11
Let z be 123/3 + 3*-1. Suppose 8*c - 3*c + 135 = 0. Let s = c + z. List the prime factors of s.
11
Suppose 0*r = -3*r + 48. What are the prime factors of r?
2
Let c(g) = 5*g - 2. Let y(o) = -4*o**3 - o. Let m be y(-1). Suppose -l = -m*l - 8, 5*w + 3*l - 4 = 0. What are the prime factors of c(w)?
2
Let t(c) = c**2 - 23*c + 10. What are the prime factors of t(-7)?
2, 5, 11
Suppose -4*w + 122 = -2*f, -4*w = -4*f +